the greatest common factor of 8320 and 193856.
832
What is the greatest common factor of 39 and 17211?
3
Calculate the highest common divisor of 289124 and 11.
11
What is the highest common factor of 78003 and 7290?
729
Calculate the greatest common factor of 31 and 2785939.
31
What is the greatest common factor of 1333 and 5891?
43
What is the greatest common factor of 657020 and 1456?
364
Calculate the highest common divisor of 60496 and 95.
19
Calculate the highest common factor of 1386 and 27522.
198
Calculate the greatest common divisor of 262848 and 192.
192
What is the greatest common factor of 54 and 342486?
18
What is the highest common factor of 1434 and 282?
6
What is the greatest common divisor of 26 and 46475?
13
What is the greatest common factor of 534352 and 1101?
367
What is the greatest common divisor of 50 and 52325?
25
What is the greatest common divisor of 963 and 441?
9
What is the greatest common factor of 1134 and 85806?
378
Calculate the highest common divisor of 76195 and 6125.
245
Calculate the highest common factor of 32 and 11848.
8
What is the highest common divisor of 1064 and 888364?
76
What is the greatest common factor of 14202 and 247220?
526
Calculate the highest common factor of 192 and 119104.
64
Calculate the greatest common factor of 4961 and 22143.
121
What is the highest common factor of 92 and 127?
1
What is the greatest common factor of 96720 and 2170?
310
What is the highest common divisor of 11 and 22066?
11
Calculate the highest common factor of 7290 and 315.
45
What is the highest common factor of 1107 and 21?
3
Calculate the greatest common factor of 2736 and 9880.
152
Calculate the greatest common divisor of 13394 and 518.
74
Calculate the highest common factor of 266 and 18494.
14
What is the greatest common factor of 36 and 1083?
3
Calculate the highest common divisor of 12872 and 376.
8
Calculate the highest common divisor of 632 and 50086.
158
Calculate the highest common factor of 27 and 3597507.
27
Calculate the greatest common divisor of 2163464 and 111.
37
Calculate the greatest common factor of 6992 and 512.
16
Calculate the greatest common factor of 10521 and 252.
63
What is the highest common factor of 4893 and 63?
21
What is the highest common factor of 84 and 158536?
28
What is the highest common factor of 2624 and 2255?
41
Calculate the highest common factor of 4664583 and 198.
99
What is the greatest common divisor of 185 and 3138784?
37
Calculate the highest common factor of 1740 and 203232.
348
What is the highest common factor of 1648 and 1424?
16
Calculate the greatest common factor of 16 and 2477208.
8
What is the greatest common divisor of 42081 and 113061?
507
What is the highest common factor of 12876 and 1566?
174
What is the greatest common divisor of 42140 and 35?
35
What is the greatest common factor of 7210 and 5110?
70
What is the highest common divisor of 99 and 69399?
99
What is the highest common factor of 7364 and 28?
28
What is the greatest common factor of 36733 and 327?
109
Calculate the highest common factor of 978 and 58.
2
Calculate the greatest common divisor of 90904 and 27891.
1033
Calculate the highest common factor of 6191 and 4228.
151
What is the highest common factor of 29980 and 55463?
1499
Calculate the greatest common factor of 80 and 1050860.
20
Calculate the highest common divisor of 4194 and 6.
6
Calculate the greatest common divisor of 90131 and 193.
193
What is the highest common factor of 33697 and 193486?
1087
Calculate the greatest common factor of 3968 and 33976.
248
What is the greatest common factor of 29768 and 8?
8
Calculate the greatest common factor of 995 and 404169.
199
What is the highest common factor of 145215 and 2835?
315
What is the greatest common factor of 57 and 245841?
57
What is the highest common divisor of 1320 and 3036?
132
Calculate the greatest common divisor of 546518 and 18025.
721
What is the greatest common factor of 15 and 2063610?
15
What is the highest common divisor of 40830 and 6090?
30
Calculate the greatest common divisor of 99297 and 36.
9
Calculate the greatest common divisor of 12928 and 288.
32
Calculate the highest common factor of 498 and 132717.
249
Calculate the highest common factor of 20 and 3173390.
10
What is the greatest common factor of 79781 and 5776?
361
Calculate the highest common divisor of 1444 and 398278.
38
Calculate the highest common factor of 15790 and 1310.
10
Calculate the highest common factor of 754 and 64142.
26
Calculate the highest common divisor of 981 and 6059964.
327
What is the greatest common divisor of 391193 and 305?
61
Calculate the greatest common factor of 24 and 250260.
12
Calculate the highest common factor of 148225 and 14.
7
Calculate the highest common factor of 63 and 18550.
7
Calculate the greatest common divisor of 26509 and 7.
7
Calculate the highest common factor of 2144 and 829460.
268
Calculate the highest common factor of 256896 and 29952.
1152
Calculate the highest common factor of 197456 and 13846.
602
Calculate the highest common divisor of 725891 and 1.
1
Calculate the greatest common factor of 486537 and 381.
381
What is the greatest common factor of 1995 and 32585?
665
Calculate the highest common divisor of 28392 and 15912.
312
Calculate the greatest common divisor of 780 and 209560.
260
Calculate the greatest common divisor of 1468794 and 516.
258
What is the greatest common factor of 11999 and 169?
169
What is the greatest common factor of 164241 and 561?
33
What is the greatest common divisor of 70 and 51275?
35
What is the highest common factor of 176 and 5108?
4
Calculate the highest common factor of 302 and 4325546.
302
Calculate the greatest common divisor of 2304 and 1293696.
1152
What is the greatest common factor of 7534500 and 30?
30
Calculate the highest common divisor of 50 and 1216850.
50
What is the highest common divisor of 720 and 90980?
20
Calculate the highest common factor of 12 and 6376.
4
What is the greatest common factor of 55272 and 57624?
1176
What is the highest common factor of 11622 and 12?
6
What is the greatest common factor of 225 and 2377080?
45
Calculate the highest common factor of 31594 and 4.
2
What is the greatest common factor of 9648 and 138?
6
Calculate the highest common divisor of 17766 and 50211.
63
Calculate the greatest common factor of 768 and 88064.
256
Calculate the highest common factor of 128548 and 56.
28
Calculate the greatest common divisor of 316 and 26324.
4
What is the greatest common factor of 492797 and 58?
29
What is the highest common divisor of 123 and 3444123?
123
What is the greatest common divisor of 597 and 1475983?
199
What is the greatest common factor of 121 and 277409?
11
What is the greatest common divisor of 256945 and 65?
65
What is the highest common factor of 342 and 1434?
6
What is the greatest common divisor of 3397 and 1817?
79
Calculate the highest common factor of 4941 and 28107.
81
What is the highest common divisor of 11 and 5509471?
11
Calculate the greatest common factor of 225664 and 984.
328
Calculate the highest common factor of 2321 and 2629.
11
What is the highest common factor of 367211 and 1833?
611
What is the highest common factor of 1144080 and 14?
14
What is the greatest common factor of 3103 and 319?
29
What is the highest common factor of 2530 and 995555?
1265
What is the highest common factor of 12 and 647238?
6
What is the greatest common divisor of 1344 and 1491?
21
What is the greatest common divisor of 4180 and 3520?
220
Calculate the highest common factor of 999 and 3051.
27
What is the highest common divisor of 142385 and 10?
5
Calculate the highest common divisor of 14 and 127267.
7
Calculate the greatest common divisor of 455772 and 133.
19
Calculate the greatest common divisor of 75 and 120720.
15
What is the highest common factor of 4499 and 1595?
11
Calculate the greatest common divisor of 71036 and 2709.
301
Calculate the highest common divisor of 264 and 199464.
24
What is the greatest common divisor of 22992 and 288?
48
Calculate the highest common factor of 174 and 46922.
58
Calculate the greatest common factor of 573461 and 476.
119
What is the highest common divisor of 1512 and 626346?
378
What is the greatest common factor